49
In base 15, what is -2ec04cb - -1?
-2ec04ca
In base 13, what is -11b0 + 2171?
c91
In base 6, what is -2414314334 + -3?
-2414314341
In base 10, what is 8 + -14335599?
-14335591
In base 8, what is -111064 - -1025?
-110037
In base 13, what is -1 + -424344b?
-424344c
In base 5, what is -3 - 1432043434?
-1432043442
In base 5, what is 32 + -34404210404?
-34404210322
In base 10, what is 4514085 + -4?
4514081
In base 8, what is 376530 - 2760?
373550
In base 12, what is 2 + -581a82?
-581a80
In base 10, what is -4518941 + -4?
-4518945
In base 15, what is -6 + 67077?
67071
In base 16, what is 49ecaf - -1?
49ecb0
In base 9, what is -2 - -5242531?
5242528
In base 10, what is -54732686 - 0?
-54732686
In base 9, what is -1151178 - -42?
-1151136
In base 14, what is a8b662 + 2b?
a8b68d
In base 7, what is -14522 + -11?
-14533
In base 11, what is 2175a32 - -2?
2175a34
In base 10, what is -25 + 623331?
623306
In base 8, what is 4 + 11346316?
11346322
In base 13, what is -10 + 11b?
10b
In base 9, what is 41 + 1130852?
1131003
In base 3, what is -10 - -11112221000111?
11112221000101
In base 15, what is -4 - a4e305?
-a4e309
In base 13, what is -1555b09 + 9?
-1555b00
In base 3, what is -1012202001100 + -10022111?
-1012212100211
In base 15, what is 40 - 58be?
-587e
In base 15, what is c + 54373?
54380
In base 5, what is 20433003 + -130202?
20302301
In base 8, what is 3542343 - 41?
3542302
In base 14, what is -b3a40 - 12d0?
-b4d30
In base 3, what is 201220112100110222 + 2?
201220112100111001
In base 14, what is 722da4c - -2?
722da50
In base 14, what is 0 + 8bc56b?
8bc56b
In base 12, what is 743 + -612?
131
In base 14, what is 40ca17 + -1?
40ca16
In base 13, what is -954368 + 7?
-954361
In base 9, what is 115 + 30011?
30126
In base 8, what is -114562235 - 0?
-114562235
In base 15, what is -5 - -3e2e6ac?
3e2e6a7
In base 10, what is 54966 + 1770?
56736
In base 15, what is 71 + 143a7?
14428
In base 11, what is -52 + -69526?
-69578
In base 4, what is 302303011 + -2203?
302300202
In base 11, what is 406 + 45630?
45a36
In base 4, what is 23222 + 120013223?
120103111
In base 15, what is 64e - -aeb84?
b02d3
In base 8, what is -153 - -150624?
150451
In base 2, what is -100010000010010000 - -101101110?
-100001111100100010
In base 12, what is 298323 - -10a?
298431
In base 9, what is -22 + 182723?
182701
In base 13, what is -4b + -1176b2?
-117730
In base 4, what is -113 - 11010322122?
-11010322301
In base 13, what is -3 - -617939c?
6179399
In base 8, what is -633633351 + -3?
-633633354
In base 15, what is -2 + -482c51?
-482c53
In base 2, what is -100000010001110 - 1011101110?
-100001101111100
In base 4, what is 2 - 1012311113002?
-1012311113000
In base 6, what is -5 - 1235111021?
-1235111030
In base 2, what is -1010001110000010111 + 1110001?
-1010001101110100110
In base 14, what is -d + -1db63d?
-1db64c
In base 3, what is -20 + 2110101221201?
2110101221111
In base 15, what is -4 - -24a67e4?
24a67e0
In base 9, what is 2627663 + -314?
2627348
In base 3, what is 20 + 2111001120012110?
2111001120012200
In base 7, what is 321 - -165503?
166124
In base 5, what is -411013413 + 12201?
-411001212
In base 14, what is 0 + -1d85d1?
-1d85d1
In base 8, what is 174 - -121542?
121736
In base 11, what is -358a7395 - 2?
-358a7397
In base 8, what is -1 + -167351114?
-167351115
In base 4, what is -22 + 123003310100?
123003310012
In base 5, what is -1104 - -342414?
341310
In base 4, what is 120011222002 - 221?
120011221121
In base 8, what is 1201140117 - 4?
1201140113
In base 15, what is -52d - 2a6b?
-3099
In base 2, what is 101111110011100 + 1110001110?
110001100101010
In base 5, what is 3301002 + 334?
3301341
In base 8, what is -333 - -11513?
11160
In base 13, what is -5 - 202145?
-20214a
In base 11, what is 235a52504 - 1?
235a52503
In base 10, what is 206 + -953779?
-953573
In base 6, what is 21315235444 + 2?
21315235450
In base 12, what is 6 + 30128873?
30128879
In base 15, what is 114 + 9e848?
9e95c
In base 9, what is 83845 + 3151?
87106
In base 7, what is 321 - -2504051?
2504402
In base 10, what is 65201 - 33?
65168
In base 4, what is 1031300 + 31031010?
32122310
In base 11, what is -6 + 13a55a?
13a554
In base 2, what is -110001110110100010 + 10100111?
-110001110011111011
In base 13, what is -1bb3c7 - -29?
-1bb39b
In base 5, what is -13434202232 + -4?
-13434202241
In base 9, what is 27675144 - -48?
27675203
In base 15, what is -1 + 93518e?
93518d
In base 11, what is 5a821 + 2a3?
60014
In base 11, what is -4 + 305804?
305800
In base 9, what is 1662080 - 2?
1662077
In base 3, what is 2 + -11011121002120?
-11011121002111
In base 3, what is 2100110101221001 - -1020?
2100110101222021
In base 9, what is 1772 - 47400?
-45517
In base 8, what is -5400042 - 44?
-5400106
In base 9, what is -14674 + 261?
-14413
In base 9, what is -2243110 - -3?
-2243106
In base 9, what is -2700765 + 16?
-2700748
In base 11, what is -19704a83 - 16?
-19704a99
In base 4, what is -1002031 + 30012022?
23003331
In base 10, what is -1794 - 206?
-2000
In base 5, what is -24104 + -2124032?
-2203141
In base 4, what is 21 + 2122211110100?
2122211110121
In base 2, what is -101101 - 10001101011111?
-10001110001100
In base 6, what is 12312250552 + -12?
12312250540
In base 16, what is 3b6e + -331e?
850
In base 9, what is 107 - -12113670?
12113777
In base 7, what is -234 + -40230402?
-40230636
In base 6, what is -345 + 300452?
300103
In base 2, what is -101 - 1010001110101010010011?
-1010001110101010011000
In base 14, what is 1 + -4620b87?
-4620b86
In base 13, what is bc85a5 + 4?
bc85a9
In base 12, what is -427 - 10a1?
-1508
In base 5, what is 102002021404 - 10?
102002021344
In base 16, what is -8d + -278f3?
-27980
In base 10, what is -7406534 + -1?
-7406535
In base 3, what is 2 + 21022210212120?
21022210212122
In base 11, what is -9 - -1aa1a95?
1aa1a87
In base 14, what is -48620d + -130?
-48633d
In base 3, what is -2102101 + 211220211200?
211211102022
In base 9, what is -232 + -1673111?
-1673343
In base 11, what is -859a3 + -4133?
-8a026
In base 7, what is -5112 + -5125?
-13240
In base 12, what is 30911548 - -1?
30911549
In base 10, what is -5350452 - -2?
-5350450
In base 4, what is -10031 + 3211002032?
3210332001
In base 13, what is -2537652 - -16?
-2537639
In base 15, what is b4 - 3ea3?
-3dde
In base 8, what is 11565 - -744?
12531
In base 3, what is 100122220212 - 22102?
100122121110
In base 11, what is 1aa1531 + 22?
1aa1553
In base 5, what is -12104240 - -1222?
-12103013
In base 6, what is -14431 + -102?
-14533
In base 6, what is -11 - -500053405?
500053354
In base 13, what is a45225 - -32?
a45257
In base 13, what is -2a6826b + 3?
-2a68268
In base 3, what is 12222121200100 + -222?
12222121122101
In base 5, what is -11034004 + -1231?
-11040240
In base 8, what is 4 - -35657252?
35657256
In base 10, what is -130580539 + -1?
-130580540
In base 6, what is -1 - 12251420?
-12251421
In base 13, what is 11cb + 447b?
5679
In base 10, what is 11 - 15133?
-15122
In base 16, what is -2d - -2f2eb?
2f2be
In base 16, what is a1d - -2ad?
cca
In base 5, what is 213132132 - 1414?
213130213
In base 15, what is 1d6 + 306d?
3254
In base 3, what is 0 + 20022121020102?
20022121020102
In base 3, what is 10 - -212002101210?
212002101220
In base 16, what is 8 - -36060e5?
36060ed
In base 10, what is 0 + 2822142?
2822142
In base 5, what is 122 - 10142202323?
-10142202201
In base 4, what is 21123 + -2323001?
-2301212
In base 11, what is -6317a9 + 43?
-631766
In base 8, what is 12 + -7625310?
-7625276
In base 4, what is -2 - 2210011010201?
-2210011010203
In base 2, what is 10 - 101001101101110010100101100?
-101001101101110010100101010
In base 7, what is -3334216 + -4?
-3334223
In base 16, what is -21 + 41c3f3?
41c3d2
In base 10, what is -9 - -157848?
157839
In base 12, what is -4a7 + 2500?
2015
In base 14, what is a + 19a5818?
19a5824
In base 14, what is 7b6 - 5d37?
-5561
In base 2, what is -1000010 + -11101000010111111001?
-11101000011000111011
In base 16, what is 586 + -1f34?
-19ae
In base 5, what is 400100412 - -3?
400100420
In base 15, what is 2b4 - 1671?
-13ac
In base 11, what is 1 - 4694131?
-4694130
In base 9, what is -17113617 - 4?
-17113622
In base 5, what is 10 - -31402042012?
31402042022
In base 3, what is 110 - 1002121021201011?
-1002121021200201
